-4
Let p(c) be the second derivative of -c**5/20 - c**3/6 - 17*c**2/2 + 5*c + 16. Determine p(0).
-17
Let f(c) = -c**2 - 10*c + 11. Let a be f(-11). Let x(n) = -24*n + 22*n + 4 + 2*n + n**2 + n**3. Calculate x(a).
4
Let x(d) = 3*d**3 - 12*d**2 - 35*d - 10. Let q(j) = -17*j**3 + 57*j**2 + 176*j + 50. Let t(n) = -2*q(n) - 11*x(n). Calculate t(-16).
-6
Let s(c) = c**2 + 5*c - 20. Let g be s(-7). Let m(a) = a**3 + 7*a**2 + 5*a - 8. Give m(g).
-2
Let m(j) = -1. Let u(w) = w**2 + w + 1. Let z(q) = -2*m(q) - 3*u(q). Let y(k) = 3*k - 20. Let v be y(6). Give z(v).
-7
Let n = -212 + 210. Let b(s) = -5*s + 4. Let x(f) = 3*f - 2. Let j(u) = -2*b(u) - 5*x(u). Give j(n).
12
Let p = 72 - 72. Let k(d) = -2*d - 3 + 4 + p*d. What is k(2)?
-3
Let v(l) = -3*l**2 + 7*l - 6. Let z(n) = 16*n**2 - 37*n + 31. Let q(w) = 11*v(w) + 2*z(w). Suppose -7 = -g - r, 0 = 5*r - 9 - 6. Calculate q(g).
-8
Let p(r) = -2*r - 16. Suppose -60 = -3*m + 8*m. What is p(m)?
8
Let u(j) = 3*j**3 - 27*j**2 - 5*j + 2. Let h(w) = -2*w**3 + 14*w**2 + 3*w. Let s(i) = -5*h(i) - 3*u(i). Determine s(-11).
-6
Let h(m) = -7*m - 4. Let u(s) = -14*s - 9. Let w(f) = 9*h(f) - 4*u(f). Calculate w(-3).
21
Let j be 3 + -1 - 16/4. Let g = 0 - j. Let x(z) = -2*z - 1. Let v(p) = -2*p - 1. Let o(h) = -7*v(h) + 6*x(h). Give o(g).
5
Let v be 5/(-10)*-4 - 58. Let g = 49 + v. Let d(l) = -l**2 - 7*l + 4. Determine d(g).
4
Let a(c) = -c**3 - 18*c**2 - c + 12. Let d(k) = -2*k**2 + 1. Let g(h) = -a(h) + 6*d(h). Let m(s) = -2*s**3 + 3*s**2 - s + 1. Let f be m(2). Give g(f).
14
Suppose 7*a = -59 - 67. Let y = a - -17. Let g(w) = w - 1. Calculate g(y).
-2
Let y(u) = u**2 - u. Let t(h) = -h**3 - 2*h**2 - 11*h + 7. Let o(w) = -w**3 + 6*w**2 - 7*w + 5. Let m be o(5). Let i(l) = m*y(l) + t(l). Give i(-6).
7
Let o(a) = -3*a + 14. Let q(h) = h**3 - 5*h**2 - 5*h + 1. Let y be q(6). Give o(y).
-7
Let p(f) be the second derivative of f**4/12 + 5*f**2 - 2*f. Let n(j) = j**2 + 9*j + 7. Let c be n(-8). Let d be 0*-2*c/4. Give p(d).
10
Let g(d) = -9*d - 6. Let u(a) = 7*a + 3. Let p(n) = 4*g(n) + 5*u(n). What is p(-9)?
0
Suppose 0 = -0*x + 8*x + 4*x. Let m(b) be the third derivative of b**2 + 1/24*b**4 + 1/6*b**3 + 0*b + x. Give m(0).
1
Let b(r) be the first derivative of -1/12*r**4 - 2*r - 4 - 1/20*r**5 - 1/2*r**2 + 2/3*r**3. Let v(p) be the first derivative of b(p). Determine v(-3).
5
Let l(q) be the first derivative of q**5/30 - 3*q**2 - 13. Let f(y) be the second derivative of l(y). What is f(1)?
2
Let m(j) = -j**2 + j. Let n be m(1). Suppose n = -0*o - 5*o + 10. Let q(k) = -3 - 4*k - k**o + 4*k**3 - 2*k**3 + k**2. Determine q(-2).
-11
Let d(u) = 6*u + 8 - 31 + 18. Give d(6).
31
Let f(k) = 4*k**2 + 4 - 2 + 2*k + 2*k + k**3 + 7*k - 10*k. Calculate f(-4).
-2
Let n(v) be the second derivative of v**3/6 + 5*v**2/2 + v - 33. Give n(15).
20
Let y(a) be the third derivative of 0*a**3 + 0*a + 0 - 1/8*a**4 + 15*a**2 + 1/60*a**5. Determine y(3).
0
Let g(r) be the second derivative of -1/6*r**3 + 3/2*r**2 + 1/20*r**5 + 0 + 10*r + 5/12*r**4. Determine g(-5).
8
Suppose 2*a + 40 = 46. Let m(t) = -15*t + 0*t**3 + t**a + 12*t + 9 + 10*t - 9*t**2. Determine m(8).
1
Suppose 9*r - 5*r - 20 = 0. Suppose -31 - 19 = -r*u. Suppose 2*b + u = -3*z + 4, -5*b + 3*z = -27. Let c(x) = -x**3 + 4*x**2 - 5*x + 4. Give c(b).
-2
Let j(r) be the second derivative of 0 + 5/6*r**3 + 4*r**2 - 18*r + 1/2*r**4 - 1/20*r**5. Give j(7).
-6
Let w(i) = i - 2. Suppose -4*u + 3*q - 3 - 7 = 0, -q = -u - 2. Give w(u).
-6
Let v be (-2 + 22/6)/(3/9). Let m(x) = 0 - 1 - 6*x**2 + 7*x - 3 + x + x**3. Give m(v).
11
Let b(w) = -w**2 + 6*w + 13. Let u be b(9). Let c be (-72)/u - (-2)/(-14). Suppose c*n = n + 8. Let h(x) = -x. Calculate h(n).
-2
Let l(k) = k**3 + 7*k**2 + 4*k. Let g(a) = -a - 1. Let w(o) = 4*g(o) + l(o). Suppose 5 + 1 = -n. Let t = n - 1. Determine w(t).
-4
Let x(l) = 2*l - 22. Let c be x(10). Let v(y) = y**3 + 7*y**2 - 3*y - 4. Let p(o) = 2*o**3 + 7*o**2 - 4*o - 5. Let k(h) = c*p(h) + 3*v(h). Calculate k(7).
-9
Let v(x) = 21*x**3 + 4*x**2 - x + 5. Let r(h) = 57*h**3 + 11*h**2 - 3*h + 14. Let m(t) = -4*r(t) + 11*v(t). Let a(w) = w**2 + w + 1. Let g be a(0). Give m(g).
3
Let w(x) = 3*x**2 - x - 1. Let j be w(-1). Let v(y) = 7*y - 17. Let s(l) = -6. Let p(k) = 3*s(k) - v(k). Calculate p(j).
-22
Let v = -106 + 136. Suppose -18*z = 120 - v. Let p(q) be the first derivative of -q**3/3 - 5*q**2/2 + q - 1. What is p(z)?
1
Let z(s) = -2*s + 4. Let p(r) = 2*r - 5. Let u(c) = 3*p(c) + 4*z(c). Let q(g) = -g - 4. Let x be q(-6). What is u(x)?
-3
Suppose 0 = -j + 3*c + c + 26, j = -5*c - 19. Let g(m) = 6 - 19*m + 25*m - j. Determine g(-1).
-6
Let t(u) = -16*u**2 + 31*u - 12. Let b(p) = -7*p**2 + 15*p - 7. Let y(x) = -9*b(x) + 4*t(x). Calculate y(-12).
3
Let o(c) = -c**3 + 6*c**2 - 7*c + 1. Let x(p) = 3*p - 25. Let d be x(10). Calculate o(d).
-9
Let p(u) = u**2 + 16*u + 34. Let m be p(-9). Suppose r + 37 - 8 = 0. Let y = m - r. Let x(q) = -q + 4. Determine x(y).
4
Suppose -6*p = -2*p + 5*t - 4, -3 = -3*p + 2*t. Let r(u) = 157 - 51 - 56 + 4*u**2 - 49. What is r(p)?
5
Let d(c) = -17 + 59*c**2 + c**3 + 62*c**2 - 3 + 57*c**2 - 188*c**2 - 9*c. Calculate d(11).
2
Let x(w) = w**2 + 11. Suppose 0 = -2*t + 3*t. Suppose t = -58*v + 55*v. Give x(v).
11
Let g = 4 - 10. Let p = 9 + g. Let c(q) = -72*q + 17*q + 19*q + 20*q + 15*q + 5. What is c(p)?
2
Let k(b) = b**3 + 5*b**2 + 3*b + 6. Let p be k(-5). Let t(o) = -958 + 3*o + 945 - 5*o. Give t(p).
5
Let a(p) = -5*p**2 + 13*p - 15. Let s(v) be the first derivative of 4*v**3/3 - 13*v**2/2 + 14*v - 35. Let r(d) = 3*a(d) + 4*s(d). Determine r(12).
-1
Let j = -2 + -2. Let a(o) be the third derivative of o**6/720 + o**5/120 - 17*o**4/24 - 8*o**2. Let p(n) be the second derivative of a(n). What is p(j)?
-3
Let r(q) = 9*q - 4. Let v(m) = 7*m - 3. Let j(u) = -3*r(u) + 4*v(u). Determine j(-9).
-9
Let f(v) be the third derivative of v**6/120 + v**5/30 - v**4/24 + v**3/6 - 4*v**2. Let y(d) = -d**3 + 10*d**2 + 27*d - 38. Let b be y(12). Give f(b).
3
Let u(k) be the third derivative of -k**6/60 - k**4/24 - k**3/6 - 2*k**2. Let h be u(-1). Let a(c) = -c**2 - c + 2. Give a(h).
-4
Let u be 4 - (-5)/1 - 3. Let i(h) = h**3 - 6*h**2 - h + 6. Determine i(u).
0
Let l(r) = -r**3 - 38*r**2 - 36*r + 36. Let o be l(-37). Let j(s) = 5*s**3 - s**2 - s. Give j(o).
-5
Let v(p) = 6*p + 3. Let n(c) = -2*c**2 + 32*c - 30. Let k be n(15). Suppose 5*b + 3*z - 9 = k, 8*z - 5*z + 3 = -b. Calculate v(b).
21
Let y = 258 - 258. Let l(v) be the second derivative of v - 1/3*v**3 + y + v**2. Give l(-3).
8
Let x(k) = -7*k**2 + 15*k + 7. Let p(y) = -11*y**2 + 23*y + 11. Let s(a) = -5*p(a) + 8*x(a). Suppose 24 = -1188*v + 1192*v. Give s(v).
-5
Let m(q) be the first derivative of -q**4/4 - 7*q**3/3 - 3*q**2 + 4*q + 1. Suppose -24*s + 299 = -254 + 697. Determine m(s).
4
Let i(l) = -4741 + 2369 + 2370 + l + 2*l**2. Calculate i(-2).
4
Let o be 1/(-2) + (-28)/(-8). Let i(x) = -x**3 + 27*x - 56*x + o*x**2 - 3 + 31*x. Give i(3).
3
Let g = 7 - -22. Let y(l) = 25*l + 23*l - 2 + g*l - 76*l. Suppose 0*i - 12 = -4*i. What is y(i)?
1
Suppose -65 = 8*y - 153. Suppose -4*w = 3*p + y, -9 = 3*p + 5*w + 4. Let j(t) = 3*t**2. What is j(p)?
3
Let f(x) be the first derivative of -2*x**3/3 - x**2 - 7*x + 314. What is f(-5)?
-47
Let v(h) be the second derivative of h**7/840 - 7*h**6/360 + h**4/24 + 5*h**3/6 + 3*h. Let n(q) be the second derivative of v(q). Give n(7).
1
Let l = 16 - 13. Let w be -6*(l - (-40)/(-12)). Suppose -8 = w*n - 0. Let t(p) = p + 8. What is t(n)?
4
Suppose -5*p + 3 + 29 = -a, 3*a = 3*p - 36. Let i(o) = -o**2 - 9*o + 7. Calculate i(a).
21
Let v(l) be the first derivative of l**2 + 5*l - 137. Give v(-8).
-11
Let r(j) = 29*j**3 - 31*j**2 + 35*j - 9. Let x(m) = -18*m**3 + 20*m**2 - 23*m + 6. Let o(i) = 5*r(i) + 8*x(i). Give o(-7).
-32
Let h(c) = -c + 1. Let v be (2 - (1 + 1))/(-1). Suppose v = -3*f - 0*f + 12. Let i be -2 + (2 - 8/f). Determine h(i).
3
Let u(n) be the first derivative of n**4/4 + n**3 + 5*n**2/2 + 3*n - 53. Determine u(-3).
-12
Let y(z) = -z**2 + 39 + 7*z - 80 + 45. Determine y(7).
4
Let j = -304 + 298. Let z(k) be the first derivative of -k**5/60 - 3*k**4/8 - k**3 - 4. Let f(y) be the third derivative of z(y). Give f(j).
3
Suppose 5*y - 2 = 3*y. Let f(k) be the second derivat